a(h).
7
Let r(k) = 2*k**2 - 3*k + 3. Let p be (2*5/2)/1. Suppose 2*w = 2*x - p*x + 4, 2*x + 2*w = 2. Give r(x).
5
Let b(f) = 4*f - 3. Let p(t) = -t + 8. Let w be p(6). Let k be b(w). Let g(u) = -u + k - 3 + 4. Give g(3).
3
Let j(m) = -9*m + 9. Let g(f) be the third derivative of -f**4/4 + f**3 + 7*f**2. Let z(k) = -7*g(k) + 5*j(k). Calculate z(3).
-6
Let f(z) be the second derivative of -z**8/6720 - z**7/504 - z**6/720 + 7*z**5/120 + z**4/4 + 4*z. Let q(h) be the third derivative of f(h). Determine q(-5).
12
Let b(r) = r - 1 + 0*r - 2*r. Let h be b(0). Let x(j) = -9701 + 9702 - 9*j**2 - 2*j**2. Give x(h).
-10
Let p(f) = 3*f + 2. Suppose 11 + 1 = 3*l. Determine p(l).
14
Suppose 0 = -18*i + 23*i - 20. Let h(t) = t**3 - 5*t**2 + 3*t + 3. Determine h(i).
-1
Let k(x) = 13*x**3 + 8*x**2 + 2*x - 15. Let q(n) = -7*n**3 - 4*n**2 - n + 8. Let j(u) = 6*k(u) + 11*q(u). What is j(-4)?
-6
Let j(f) be the third derivative of -f**5/60 + f**4/4 + 4*f**3/3 - 2*f**2. Let x be j(7). Let i(r) = r - x + 2 + 3. Give i(-5).
-1
Let c be 68/18 - 8/(-36). Let f = 9 - c. Let p(x) = x**2 - 5*x - 6. Let h(v) = 2*v**2 - 10*v - 12. Let k(u) = -4*h(u) + 9*p(u). Determine k(f).
-6
Let j(n) = 9*n**2 - n. Suppose 2*b = -b - 3. Calculate j(b).
10
Suppose d - 5*d = -5*w - 14, w + 5*d - 3 = 0. Let u(t) = -2 + 1 + 107*t**2 - 105*t**2 + t. What is u(w)?
5
Let s(j) be the second derivative of -5/2*j**2 - 4*j + 7/6*j**3 + 0 - 1/12*j**4. Give s(4).
7
Let f be 17 + 1/(3/(-6)). Suppose p + 4*h + f = 0, 2*h + 3*h + 3 = 4*p. Let l(q) = q**3 + 3*q**2 + 3*q + 3. What is l(p)?
-6
Let y(q) = q + 5. Let b(j) = -j + 1. Let n be b(-4). Let k = n + -11. What is y(k)?
-1
Let a be (-2)/(-12) - (-4)/12. Let c(q) be the first derivative of 1/3*q**3 + 1 + q + a*q**4 + q**2. Calculate c(-1).
-2
Let p be 1*(-1)/(-1) + 2. Let c(s) = s + 3. Let j be c(0). Let i(t) = j*t - 6 + 1 + 2. What is i(p)?
6
Suppose -6 = -b - 3. Suppose -b*g + 2*h - h - 1 = 0, -2*g - 8 = 3*h. Let a be (g/(-3))/(2/18). Let u(v) = -2*v + 4. Determine u(a).
-2
Let n(a) be the third derivative of -a**5/60 - a**4/24 - a**3/6 - 6*a**2 - 1. Suppose 6*s + 5 = s. Calculate n(s).
-1
Let h(r) = -r**3 + 6*r**2 - 6*r + 1. Let u be 581/119 + (-2)/(-17). Give h(u).
-4
Let t(y) = -1 + y**3 + 0 + 4*y**2 + 0*y**2 - 5*y. Calculate t(-5).
-1
Let h(z) = -16*z + 1. Suppose -4*c = -5*n + 4, c + 11 = 5*n + 10. Calculate h(c).
17
Let s(d) = -d**3 + 3*d**2. Let o = 1 - 5. Let f(j) = -j**2 - 5*j - 1. Let g be f(o). Calculate s(g).
0
Let s(k) be the second derivative of -k**4/12 + k**3 + 3*k**2/2 + 2*k. Let i(h) be the first derivative of s(h). Give i(6).
-6
Let t(a) = 3*a**2 - 1. Let k be t(1). Let g(z) = 2*z**3 + 0*z**2 + 4*z**k - z**3 + 0*z + 2*z. What is g(-4)?
-8
Let l(y) be the first derivative of 3*y**4/4 - y**2 - 70. What is l(-2)?
-20
Let p be (-2 - 2*-1)/(-2). Suppose 2*i + 6 = p, 4*m + i - 3 - 6 = 0. Let t(b) = 2 + m - 1 - 3*b. Determine t(4).
-8
Let x(z) be the third derivative of 1/3*z**3 + 0*z + 1/10*z**5 - 5/24*z**4 + 0 - 1/120*z**6 - 4*z**2. What is x(5)?
2
Let s(h) = -h**3 - 4*h**2 - 3*h + 1. Let k be s(-3). Let b(c) = 0*c - c + 3*c - k. Calculate b(1).
1
Let v be (-1 - (-2)/6)/(-4). Let j(t) be the second derivative of 0 + v*t**3 + 3*t - t**2. Determine j(-3).
-5
Let q(p) = p**2 + 8*p + 18. Let i be q(-4). Let g(o) = -5*o + 2. Give g(i).
-8
Let a(m) be the third derivative of -m**5/60 + m**4/6 - m**3/3 - 7*m**2. Let x be (2 + 28/(-10))*-10. Suppose -4*h - x + 20 = 0. What is a(h)?
1
Let l be (-3)/2*16/(-3). Let o(b) = b**2 - 10*b + 9. Calculate o(l).
-7
Let m = -7 + 8. Let q(u) = -3*u - 1. What is q(m)?
-4
Let v be 160/48*12/(-10). Let x(z) = 5*z**2 + 9*z - 5. Let a(c) = -6*c**2 - 10*c + 6. Let m(h) = v*a(h) - 5*x(h). Calculate m(-4).
5
Let m = 169 - 172. Let h(i) = -i - 7. Determine h(m).
-4
Let t(q) be the third derivative of q**5/60 - q**4/4 - q**3/2 - 3*q**2. Give t(6).
-3
Let b(t) = -7*t + 4. Let y(j) = 20*j - 11. Let c(a) = -17*b(a) - 6*y(a). Give c(-5).
3
Let z(r) = r**3 + 25*r**2 + 24*r + 2. Let y be z(-24). Let g(o) = -5*o. What is g(y)?
-10
Let v(m) be the third derivative of m**5/60 + 3*m**4/8 + 4*m**3/3 - 5*m**2. Calculate v(-6).
-10
Let k(x) = -x**2 - 3*x**2 + 1 + 2*x**2. Let r(z) = -z - 6. Let n be r(-7). Give k(n).
-1
Let h(d) = d + 5. Let y be h(-4). Let q(r) = 5*r - 1. Calculate q(y).
4
Suppose 0 = n + 19 - 23. Let w(j) be the third derivative of 0*j + 0 - 2/3*j**3 - 1/8*j**n + 2*j**2. What is w(-3)?
5
Let j = -32 + 30. Let i(u) be the third derivative of -u**4/12 - u**3/2 - 2*u**2. What is i(j)?
1
Let w(f) = 3*f**2 + 3*f - 3. Let m(p) = 13*p**2 + 12*p - 13. Let y be 0 - -3 - (0 + 1). Let l(h) = y*m(h) - 9*w(h). Determine l(-3).
1
Suppose -2*u - 31 = 5*m + 6, -7 = 2*u - m. Let d(q) = -q**3 - 6*q**2 - q - 4. Let t be d(u). Let a(w) = 2 + 2*w - 5*w + 0. Determine a(t).
-4
Let f(m) = 2*m**2 + 33 + 9*m**3 + 35 - 67 - 2*m. Determine f(1).
10
Let j(y) = y**3 - 18*y**2 - 20*y + 25. Let w be j(19). Let v(k) = k**3 - 6*k**2 + 2*k - 4. Determine v(w).
8
Suppose 2*z + 15 = 7*z. Let j be 0 + z + 1 + -1. Let i(y) = -8*y**2 + 15*y + 10. Let f(a) = 17*a**2 - 32*a - 21. Let c(d) = 6*f(d) + 13*i(d). Give c(j).
-5
Let z(u) = -u**3 - 6*u**2 + 2*u + 8. Let p = 0 - 6. What is z(p)?
-4
Suppose 4*j - 2 - 2 = 0. Let q(n) = 2*n - 9. Let y(h) = 6 - 1 - 4. Let g(s) = j*q(s) + 6*y(s). What is g(3)?
3
Let o(s) = 8*s. Let l(r) = 17*r + 3. Let a(j) = -17*j - 2. Let w(t) = -3*a(t) - 2*l(t). Let i(v) = 13*o(v) - 6*w(v). Suppose 0 = c - 3*c + 4. Calculate i(c).
4
Let b(z) = -z + 3. Let o be b(8). Let p(y) = -3*y - 3. Give p(o).
12
Let r(m) = -m**3 + 3*m**2 + 4*m - 3. Let x be 3 + -26 + 2 + 1. Let p be x/(-6)*(-108)/45. Let o = 11 + p. What is r(o)?
9
Let w(j) = 9*j**2 - j. Suppose -5*a + 3*a - 7 = -3*q, 5*a + 1 = 2*q. What is w(a)?
8
Let o = 3 + 1. Suppose 3*g - 4 = j, -o - 2 = -3*j. Let u(c) = 5*c + 0 + 5*c**2 + 0*c**g + 3 + c**3. Determine u(-4).
-1
Suppose -3*h + 28 = 4*b + 2*h, -4 = -h. Let x(c) = -5*c. Determine x(b).
-10
Let u(n) = 2*n**2 - 23*n + 8. Let l(y) = -y**2 + 11*y - 4. Let r(i) = 9*l(i) + 4*u(i). Give r(5).
6
Let y(p) = -p**2 + 3. Let x(i) = 2*i**2 + i - 5. Let t(w) = -2*x(w) - 5*y(w). Give t(-4).
19
Suppose 0 = i - 4 - 1. Let w(u) = 29 + u**2 + 4 - 4*u - 35. Determine w(i).
3
Let p(b) be the third derivative of -17*b**5/60 + b**3/6 + 3*b**2. Give p(1).
-16
Suppose -6*h + 66 = 5*h. Let t(b) = -b**3 + 7*b**2 - 6*b + 3. Give t(h).
3
Suppose 4 + 2 = j. Let t(o) = -o**2 + 10*o - 8. Determine t(j).
16
Let p(r) = 6*r - 5 + 1 - 9*r. Let m(f) be the second derivative of -f**3 - 4*f**2 - 2*f. Let w(q) = 6*m(q) - 13*p(q). What is w(-3)?
-5
Let a(s) = 5*s - 1. Let k(m) = 11*m - 3. Let u be (-3 - -2)/(3/(-12)). Let i(z) = u*k(z) - 9*a(z). What is i(-4)?
1
Let u = 1 + 8. Let p(g) = -u*g + 3*g + 6 - 3 + 12*g - g**2. Calculate p(5).
8
Let a(i) = -2*i + 2. Suppose 2*k + 3*w + 0*w = -21, -5*k = -3*w. What is a(k)?
8
Suppose 4*k - 14 = 2. Suppose 4 + 4 = k*b. Let j(i) = 3*i**b + 3 - 3*i**2 + i**2 - 7*i. What is j(6)?
-3
Let u(n) be the second derivative of n**3/6 + 3*n**2/2 + n. Let q(g) = -g + 3. Let d be q(-5). Suppose d = 3*y - 5*y. What is u(y)?
-1
Suppose 1 = f - 1. Let i be (-11 + f)*1/3. Let s be (3 - 5 - i)*6. Let x(r) = -r**3 + 6*r**2 + 4. Give x(s).
4
Let g(k) = k**3 - 2*k**2 - 2*k + 2. Let i = 5 + -2. Suppose -6 = i*a - u + 3*u, -a - 2 = u. Let t be ((5 + 3)/2)/a. Calculate g(t).
-10
Let b = -69 - -66. Let d(s) = 3*s. Determine d(b).
-9
Let b(k) = 0*k + 5 - 2 + k + 4. Determine b(-6).
1
Let g(s) = -2*s**2. Let j = -39 + 38. What is g(j)?
-2
Let h(p) = 1 - 6*p + 0*p + 2*p. Let i be (-2 + 7 + -3)/1. Calculate h(i).
-7
Let i(j) be the second derivative of -j**4/12 + 7*j**3/6 - 3*j**2 + 3*j. What is i(4)?
6
Let g(y) be the second derivative of y**3/6 - 3*y**2 - 2*y. Suppose 1 = 3*i - 11. Suppose 10 = -2*z + i*l, 5*z - 5*l + 4 = -1. Give g(z).
-3
Let s(v) be the third derivative of 2*v**2 + 0*v + 0 + 1/60*v**5 - 5/6*v**3 - 1/4*v**4. Determine s(5).
-10
Suppose 1 = -w, -4*v - w - 3 = 2*w. Let y(j) be the first derivative of -j**4/4 + j**3/3 - j**2/2 - 6*j + 1. Give y(v).
-6
Suppose 2*r - 7*r + 20 = 0. Let p(a) = -13*a - 1 + r*a + 6*a. Determine p(-2).
5
Let n(b) = 2*b + 1. Let c(o) = o - 8. Suppose 34 = 5*a + l, 0 = -2*a - 5*l + 44 - 12. Let p be c(a).